{"id":126,"date":"2018-07-09T07:39:37","date_gmt":"2018-07-09T07:39:37","guid":{"rendered":"http:\/\/www.oneseq2018.es\/es\/?page_id=126"},"modified":"2026-02-25T15:29:36","modified_gmt":"2026-02-25T15:29:36","slug":"solicitud-informacion","status":"publish","type":"page","link":"https:\/\/www.alhambrait.com\/oneseq\/contacto\/solicitud-informacion\/","title":{"rendered":"Solicitud de informaci\u00f3n"},"content":{"rendered":"<p>[et_pb_section fb_built=\u00bb1&#8243; _builder_version=\u00bb4.27.5&#8243; _module_preset=\u00bbdefault\u00bb background_color=\u00bb#5b6476&#8243; background_image=\u00bbhttps:\/\/www.alhambrait.com\/oneseq\/wp-content\/uploads\/2026\/01\/contacto_1920.webp\u00bb min_height=\u00bb500px\u00bb height=\u00bb500px\u00bb max_height=\u00bb500px\u00bb top_divider_style=\u00bbarrow2&#8243; top_divider_color=\u00bb#FFFFFF\u00bb top_divider_height_tablet=\u00bb75px\u00bb top_divider_height_phone=\u00bb50px\u00bb top_divider_height_last_edited=\u00bbon|desktop\u00bb bottom_divider_style=\u00bbarrow2&#8243; bottom_divider_color=\u00bb#FFFFFF\u00bb bottom_divider_height_tablet=\u00bb75px\u00bb bottom_divider_height_phone=\u00bb50px\u00bb bottom_divider_height_last_edited=\u00bbon|phone\u00bb background_last_edited=\u00bbon|phone\u00bb background_image_tablet=\u00bbhttps:\/\/www.alhambrait.com\/oneseq\/wp-content\/uploads\/2026\/01\/contacto_1200.webp\u00bb background_image_phone=\u00bbhttps:\/\/www.alhambrait.com\/oneseq\/wp-content\/uploads\/2026\/01\/contacto_500.webp\u00bb background_enable_image_tablet=\u00bbon\u00bb background_enable_image_phone=\u00bbon\u00bb custom_css_main_element=\u00bbdisplay: flex;||flex-direction: column;||justify-content: center;\u00bb global_colors_info=\u00bb{}\u00bb][et_pb_row _builder_version=\u00bb4.21.0&#8243; _module_preset=\u00bbdefault\u00bb global_colors_info=\u00bb{}\u00bb][et_pb_column type=\u00bb4_4&#8243; _builder_version=\u00bb4.21.0&#8243; _module_preset=\u00bbdefault\u00bb global_colors_info=\u00bb{}\u00bb][et_pb_blurb title=\u00bbSolicitud de informaci\u00f3n\u00bb use_icon=\u00bbon\u00bb content_max_width=\u00bb100%\u00bb _builder_version=\u00bb4.21.0&#8243; _module_preset=\u00bbdefault\u00bb header_level=\u00bbh1&#8243; header_font=\u00bbAlhambraIT||||||||\u00bb header_text_align=\u00bbcenter\u00bb header_text_color=\u00bb#FFFFFF\u00bb header_font_size=\u00bb60px\u00bb header_font_size_tablet=\u00bb50px\u00bb header_font_size_phone=\u00bb40px\u00bb header_font_size_last_edited=\u00bbon|phone\u00bb global_colors_info=\u00bb{}\u00bb][\/et_pb_blurb][\/et_pb_column][\/et_pb_row][\/et_pb_section][et_pb_section fb_built=\u00bb1&#8243; _builder_version=\u00bb4.21.0&#8243; _module_preset=\u00bbdefault\u00bb background_color=\u00bb#FFFFFF\u00bb custom_margin=\u00bb||||false|false\u00bb custom_padding=\u00bb0px||0px||false|false\u00bb bottom_divider_color=\u00bb#5b6476&#8243; bottom_divider_height_tablet=\u00bb75px\u00bb bottom_divider_height_phone=\u00bb50px\u00bb bottom_divider_height_last_edited=\u00bbon|phone\u00bb global_colors_info=\u00bb{}\u00bb][et_pb_row _builder_version=\u00bb4.21.0&#8243; _module_preset=\u00bbdefault\u00bb custom_padding=\u00bb||0px||false|false\u00bb global_colors_info=\u00bb{}\u00bb][et_pb_column type=\u00bb4_4&#8243; _builder_version=\u00bb4.21.0&#8243; _module_preset=\u00bbdefault\u00bb global_colors_info=\u00bb{}\u00bb][et_pb_text _builder_version=\u00bb4.25.1&#8243; _module_preset=\u00bbdefault\u00bb text_font=\u00bb||||||||\u00bb text_text_color=\u00bb#5b6476&#8243; text_font_size=\u00bb15px\u00bb text_orientation=\u00bbcenter\u00bb custom_margin=\u00bb||5px||false|false\u00bb global_colors_info=\u00bb{}\u00bb]<a href=\"https:\/\/www.alhambrait.com\/oneseq\/\">Home<\/a> &gt; <a href=\"https:\/\/www.alhambrait.com\/oneseq\/contacto\/\"> Contacto<\/a> &gt; Solicitud de informaci\u00f3n[\/et_pb_text][et_pb_divider _builder_version=\u00bb4.21.0&#8243; _module_preset=\u00bbdefault\u00bb custom_margin=\u00bb||||false|false\u00bb global_colors_info=\u00bb{}\u00bb][\/et_pb_divider][\/et_pb_column][\/et_pb_row][\/et_pb_section][et_pb_section fb_built=\u00bb1&#8243; _builder_version=\u00bb4.16&#8243; global_colors_info=\u00bb{}\u00bb][et_pb_row column_structure=\u00bb2_5,3_5&#8243; _builder_version=\u00bb4.16&#8243; max_width=\u00bb2560px\u00bb global_colors_info=\u00bb{}\u00bb][et_pb_column type=\u00bb2_5&#8243; _builder_version=\u00bb4.16&#8243; global_colors_info=\u00bb{}\u00bb][et_pb_blurb title=\u00bbSolicitud de Informaci\u00f3n\u00bb use_icon=\u00bbon\u00bb font_icon=\u00bb&#xf0e0;||fa||900&#8243; icon_placement=\u00bbleft\u00bb image_icon_width=\u00bb40px\u00bb content_max_width=\u00bb100%\u00bb _builder_version=\u00bb4.27.5&#8243; _module_preset=\u00bbdefault\u00bb header_level=\u00bbh2&#8243; header_font=\u00bbAlhambraIT||||||||\u00bb header_text_color=\u00bb#5b6476&#8243; header_font_size=\u00bb35px\u00bb body_text_color=\u00bb#222222&#8243; body_font_size=\u00bb18px\u00bb custom_margin=\u00bb||||false|false\u00bb custom_padding=\u00bb||20px||false|false\u00bb custom_padding_tablet=\u00bb||20px||false|false\u00bb custom_padding_phone=\u00bb||20px||false|false\u00bb custom_padding_last_edited=\u00bbon|phone\u00bb animation=\u00bboff\u00bb hover_enabled=\u00bb0&#8243; header_font_size_tablet=\u00bb32px\u00bb header_font_size_phone=\u00bb25px\u00bb header_font_size_last_edited=\u00bbon|tablet\u00bb body_font_size_tablet=\u00bb16px\u00bb body_font_size_phone=\u00bb15px\u00bb body_font_size_last_edited=\u00bbon|phone\u00bb custom_css_blurb_title=\u00bbmargin-bottom:20px\u00bb global_colors_info=\u00bb{}\u00bb sticky_enabled=\u00bb0&#8243;]<\/p>\n<p>Si precisas <strong>informaci\u00f3n<\/strong> sobre nuestras soluciones o informaci\u00f3n de la empresa, por favor rellena este formulario. Estaremos encantados de hac\u00e9rtela llegar lo antes posible.<\/p>\n<p>Conoce todos tus derechos en nuestra <strong><a href=\"https:\/\/www.alhambrait.com\/politica-de-privacidad\/\" target=\"_blank\" rel=\"noopener noreferrer\">Pol\u00edtica de Privacidad<\/a><\/strong> y puedes ejercerlos desde <strong><a href=\"https:\/\/www.alhambrait.com\/gestion-datos-personales\/\" target=\"_blank\" rel=\"noopener noreferrer\">aqu\u00ed<\/a><\/strong>.<\/p>\n<p>[\/et_pb_blurb][et_pb_blurb use_icon=\u00bbon\u00bb font_icon=\u00bb&#xf3c5;||fa||900&#8243; icon_placement=\u00bbleft\u00bb image_icon_width=\u00bb28px\u00bb content_max_width=\u00bb100%\u00bb _builder_version=\u00bb4.21.0&#8243; _module_preset=\u00bbdefault\u00bb header_level=\u00bbh2&#8243; header_font=\u00bbAlhambraIT||||||||\u00bb header_text_color=\u00bb#5b6476&#8243; header_font_size=\u00bb35px\u00bb body_text_color=\u00bb#222222&#8243; custom_margin=\u00bb||||false|false\u00bb custom_padding=\u00bb||20px||false|false\u00bb custom_padding_tablet=\u00bb||20px||false|false\u00bb custom_padding_phone=\u00bb||20px||false|false\u00bb custom_padding_last_edited=\u00bbon|phone\u00bb animation=\u00bboff\u00bb header_font_size_tablet=\u00bb32px\u00bb header_font_size_phone=\u00bb25px\u00bb header_font_size_last_edited=\u00bbon|tablet\u00bb body_font_size_tablet=\u00bb15px\u00bb body_font_size_phone=\u00bb14px\u00bb body_font_size_last_edited=\u00bbon|phone\u00bb custom_css_blurb_title=\u00bbmargin-bottom:20px\u00bb global_colors_info=\u00bb{}\u00bb]<\/p>\n<p><strong>Albasanz, 16 | <\/strong>Edificio Antalia, Planta 4\u00aa | 28037 Madrid \u2013 Espa\u00f1a<\/p>\n<p>[\/et_pb_blurb][et_pb_blurb use_icon=\u00bbon\u00bb font_icon=\u00bb&#xf10b;||fa||900&#8243; icon_placement=\u00bbleft\u00bb image_icon_width=\u00bb28px\u00bb content_max_width=\u00bb100%\u00bb _builder_version=\u00bb4.21.0&#8243; _module_preset=\u00bbdefault\u00bb header_level=\u00bbh2&#8243; header_font=\u00bbAlhambraIT||||||||\u00bb header_text_color=\u00bb#5b6476&#8243; header_font_size=\u00bb35px\u00bb body_text_color=\u00bb#222222&#8243; body_font_size=\u00bb21px\u00bb custom_margin=\u00bb||||false|false\u00bb custom_padding=\u00bb||20px||false|false\u00bb custom_padding_tablet=\u00bb||20px||false|false\u00bb custom_padding_phone=\u00bb||20px||false|false\u00bb custom_padding_last_edited=\u00bbon|phone\u00bb animation=\u00bboff\u00bb header_font_size_tablet=\u00bb32px\u00bb header_font_size_phone=\u00bb25px\u00bb header_font_size_last_edited=\u00bbon|tablet\u00bb body_font_size_tablet=\u00bb18px\u00bb body_font_size_phone=\u00bb18px\u00bb body_font_size_last_edited=\u00bbon|phone\u00bb custom_css_blurb_title=\u00bbmargin-bottom:20px\u00bb global_colors_info=\u00bb{}\u00bb]<\/p>\n<p><strong>(+34) 91 787 23 00<\/strong><\/p>\n<p>[\/et_pb_blurb][\/et_pb_column][et_pb_column type=\u00bb3_5&#8243; _builder_version=\u00bb4.16&#8243; global_colors_info=\u00bb{}\u00bb][et_pb_blurb title=\u00bbFormulario:\u00bb icon_placement=\u00bbleft\u00bb image_icon_width=\u00bb40px\u00bb content_max_width=\u00bb100%\u00bb _builder_version=\u00bb4.26.0&#8243; _module_preset=\u00bbdefault\u00bb header_level=\u00bbh2&#8243; header_font=\u00bbAlhambraIT||||||||\u00bb header_text_color=\u00bb#5b6476&#8243; header_font_size=\u00bb35px\u00bb body_text_color=\u00bb#222222&#8243; body_font_size=\u00bb18px\u00bb custom_margin=\u00bb||||false|false\u00bb custom_padding=\u00bb||||false|false\u00bb custom_padding_tablet=\u00bb||||false|false\u00bb custom_padding_phone=\u00bb||||false|false\u00bb custom_padding_last_edited=\u00bbon|phone\u00bb animation=\u00bboff\u00bb header_font_size_tablet=\u00bb32px\u00bb header_font_size_phone=\u00bb25px\u00bb header_font_size_last_edited=\u00bbon|tablet\u00bb body_font_size_tablet=\u00bb16px\u00bb body_font_size_phone=\u00bb15px\u00bb body_font_size_last_edited=\u00bbon|phone\u00bb custom_css_blurb_title=\u00bbmargin-bottom:20px\u00bb global_colors_info=\u00bb{}\u00bb][\/et_pb_blurb][et_pb_code _builder_version=\u00bb4.26.0&#8243; _module_preset=\u00bbdefault\u00bb global_colors_info=\u00bb{}\u00bb]<script charset=\"utf-8\" type=\"text\/javascript\" src=\"\/\/js-eu1.hsforms.net\/forms\/embed\/v2.js\"><\/script><!-- [et_pb_line_break_holder] --><script><!-- [et_pb_line_break_holder] -->  hbspt.forms.create({<!-- [et_pb_line_break_holder] -->    region: \"eu1\",<!-- [et_pb_line_break_holder] -->    portalId: \"2899526\",<!-- [et_pb_line_break_holder] -->    formId: \"b0d3b7b3-1ae1-40c0-aae0-c89675ce8ac0\"<!-- [et_pb_line_break_holder] -->  });<!-- [et_pb_line_break_holder] --><\/script>[\/et_pb_code][\/et_pb_column][\/et_pb_row][\/et_pb_section]<\/p>\n","protected":false},"excerpt":{"rendered":"<p>Home &gt; Contacto &gt; Solicitud de informaci\u00f3nSi precisas informaci\u00f3n sobre nuestras soluciones o informaci\u00f3n de la empresa, por favor rellena este formulario. Estaremos encantados de hac\u00e9rtela llegar lo antes posible. Conoce todos tus derechos en nuestra Pol\u00edtica de Privacidad y puedes ejercerlos desde aqu\u00ed.Albasanz, 16 | Edificio Antalia, Planta 4\u00aa | 28037 Madrid \u2013 Espa\u00f1a(+34) 91 787 23 00<\/p>\n","protected":false},"author":1,"featured_media":0,"parent":5926,"menu_order":0,"comment_status":"closed","ping_status":"closed","template":"","meta":{"_acf_changed":false,"_et_pb_use_builder":"on","_et_pb_old_content":"","_et_gb_content_width":"","content-type":"","footnotes":""},"class_list":["post-126","page","type-page","status-publish","hentry"],"acf":[],"yoast_head":"<!-- This site is optimized with the Yoast SEO plugin v27.5 - https:\/\/yoast.com\/product\/yoast-seo-wordpress\/ -->\n<title>Contacta con nosotros para securizar tu negocio | OneseQ<\/title>\n<meta name=\"description\" content=\"Si necesitas informaci\u00f3n sobre c\u00f3mo securizar tu negocio contacta con nosotros. Inf\u00f3rmate sobre todas nuestras soluciones.\" \/>\n<meta name=\"robots\" content=\"index, follow, max-snippet:-1, max-image-preview:large, max-video-preview:-1\" \/>\n<link rel=\"canonical\" href=\"https:\/\/www.alhambrait.com\/oneseq\/contacto\/solicitud-informacion\/\" \/>\n<meta property=\"og:locale\" content=\"es_ES\" \/>\n<meta property=\"og:type\" content=\"article\" \/>\n<meta property=\"og:title\" content=\"Contacta con nosotros para securizar tu negocio | OneseQ\" \/>\n<meta property=\"og:description\" content=\"Si necesitas informaci\u00f3n sobre c\u00f3mo securizar tu negocio contacta con nosotros. Inf\u00f3rmate sobre todas nuestras soluciones.\" \/>\n<meta property=\"og:url\" content=\"https:\/\/www.alhambrait.com\/oneseq\/contacto\/solicitud-informacion\/\" \/>\n<meta property=\"og:site_name\" content=\"OneseQ\" \/>\n<meta property=\"article:modified_time\" content=\"2026-02-25T15:29:36+00:00\" \/>\n<meta name=\"twitter:card\" content=\"summary_large_image\" \/>\n<meta name=\"twitter:label1\" content=\"Tiempo de lectura\" \/>\n\t<meta name=\"twitter:data1\" content=\"1 minuto\" \/>\n<script type=\"application\/ld+json\" class=\"yoast-schema-graph\">{\"@context\":\"https:\\\/\\\/schema.org\",\"@graph\":[{\"@type\":\"WebPage\",\"@id\":\"https:\\\/\\\/www.alhambrait.com\\\/oneseq\\\/contacto\\\/solicitud-informacion\\\/\",\"url\":\"https:\\\/\\\/www.alhambrait.com\\\/oneseq\\\/contacto\\\/solicitud-informacion\\\/\",\"name\":\"Contacta con nosotros para securizar tu negocio | OneseQ\",\"isPartOf\":{\"@id\":\"https:\\\/\\\/www.alhambrait.com\\\/oneseq\\\/#website\"},\"datePublished\":\"2018-07-09T07:39:37+00:00\",\"dateModified\":\"2026-02-25T15:29:36+00:00\",\"description\":\"Si necesitas informaci\u00f3n sobre c\u00f3mo securizar tu negocio contacta con nosotros. Inf\u00f3rmate sobre todas nuestras soluciones.\",\"breadcrumb\":{\"@id\":\"https:\\\/\\\/www.alhambrait.com\\\/oneseq\\\/contacto\\\/solicitud-informacion\\\/#breadcrumb\"},\"inLanguage\":\"es\",\"potentialAction\":[{\"@type\":\"ReadAction\",\"target\":[\"https:\\\/\\\/www.alhambrait.com\\\/oneseq\\\/contacto\\\/solicitud-informacion\\\/\"]}]},{\"@type\":\"BreadcrumbList\",\"@id\":\"https:\\\/\\\/www.alhambrait.com\\\/oneseq\\\/contacto\\\/solicitud-informacion\\\/#breadcrumb\",\"itemListElement\":[{\"@type\":\"ListItem\",\"position\":1,\"name\":\"Portada\",\"item\":\"https:\\\/\\\/www.alhambrait.com\\\/oneseq\\\/\"},{\"@type\":\"ListItem\",\"position\":2,\"name\":\"Contacto\",\"item\":\"https:\\\/\\\/www.alhambrait.com\\\/oneseq\\\/contacto\\\/\"},{\"@type\":\"ListItem\",\"position\":3,\"name\":\"Solicitud de informaci\u00f3n\"}]},{\"@type\":\"WebSite\",\"@id\":\"https:\\\/\\\/www.alhambrait.com\\\/oneseq\\\/#website\",\"url\":\"https:\\\/\\\/www.alhambrait.com\\\/oneseq\\\/\",\"name\":\"OneseQ\",\"description\":\"\u00c1rea de Ciberseguridad de Alhambra IT\",\"potentialAction\":[{\"@type\":\"SearchAction\",\"target\":{\"@type\":\"EntryPoint\",\"urlTemplate\":\"https:\\\/\\\/www.alhambrait.com\\\/oneseq\\\/?s={search_term_string}\"},\"query-input\":{\"@type\":\"PropertyValueSpecification\",\"valueRequired\":true,\"valueName\":\"search_term_string\"}}],\"inLanguage\":\"es\"}]}<\/script>\n<!-- \/ Yoast SEO plugin. -->","yoast_head_json":{"title":"Contacta con nosotros para securizar tu negocio | OneseQ","description":"Si necesitas informaci\u00f3n sobre c\u00f3mo securizar tu negocio contacta con nosotros. Inf\u00f3rmate sobre todas nuestras soluciones.","robots":{"index":"index","follow":"follow","max-snippet":"max-snippet:-1","max-image-preview":"max-image-preview:large","max-video-preview":"max-video-preview:-1"},"canonical":"https:\/\/www.alhambrait.com\/oneseq\/contacto\/solicitud-informacion\/","og_locale":"es_ES","og_type":"article","og_title":"Contacta con nosotros para securizar tu negocio | OneseQ","og_description":"Si necesitas informaci\u00f3n sobre c\u00f3mo securizar tu negocio contacta con nosotros. Inf\u00f3rmate sobre todas nuestras soluciones.","og_url":"https:\/\/www.alhambrait.com\/oneseq\/contacto\/solicitud-informacion\/","og_site_name":"OneseQ","article_modified_time":"2026-02-25T15:29:36+00:00","twitter_card":"summary_large_image","twitter_misc":{"Tiempo de lectura":"1 minuto"},"schema":{"@context":"https:\/\/schema.org","@graph":[{"@type":"WebPage","@id":"https:\/\/www.alhambrait.com\/oneseq\/contacto\/solicitud-informacion\/","url":"https:\/\/www.alhambrait.com\/oneseq\/contacto\/solicitud-informacion\/","name":"Contacta con nosotros para securizar tu negocio | OneseQ","isPartOf":{"@id":"https:\/\/www.alhambrait.com\/oneseq\/#website"},"datePublished":"2018-07-09T07:39:37+00:00","dateModified":"2026-02-25T15:29:36+00:00","description":"Si necesitas informaci\u00f3n sobre c\u00f3mo securizar tu negocio contacta con nosotros. Inf\u00f3rmate sobre todas nuestras soluciones.","breadcrumb":{"@id":"https:\/\/www.alhambrait.com\/oneseq\/contacto\/solicitud-informacion\/#breadcrumb"},"inLanguage":"es","potentialAction":[{"@type":"ReadAction","target":["https:\/\/www.alhambrait.com\/oneseq\/contacto\/solicitud-informacion\/"]}]},{"@type":"BreadcrumbList","@id":"https:\/\/www.alhambrait.com\/oneseq\/contacto\/solicitud-informacion\/#breadcrumb","itemListElement":[{"@type":"ListItem","position":1,"name":"Portada","item":"https:\/\/www.alhambrait.com\/oneseq\/"},{"@type":"ListItem","position":2,"name":"Contacto","item":"https:\/\/www.alhambrait.com\/oneseq\/contacto\/"},{"@type":"ListItem","position":3,"name":"Solicitud de informaci\u00f3n"}]},{"@type":"WebSite","@id":"https:\/\/www.alhambrait.com\/oneseq\/#website","url":"https:\/\/www.alhambrait.com\/oneseq\/","name":"OneseQ","description":"\u00c1rea de Ciberseguridad de Alhambra IT","potentialAction":[{"@type":"SearchAction","target":{"@type":"EntryPoint","urlTemplate":"https:\/\/www.alhambrait.com\/oneseq\/?s={search_term_string}"},"query-input":{"@type":"PropertyValueSpecification","valueRequired":true,"valueName":"search_term_string"}}],"inLanguage":"es"}]}},"_links":{"self":[{"href":"https:\/\/www.alhambrait.com\/oneseq\/wp-json\/wp\/v2\/pages\/126","targetHints":{"allow":["GET"]}}],"collection":[{"href":"https:\/\/www.alhambrait.com\/oneseq\/wp-json\/wp\/v2\/pages"}],"about":[{"href":"https:\/\/www.alhambrait.com\/oneseq\/wp-json\/wp\/v2\/types\/page"}],"author":[{"embeddable":true,"href":"https:\/\/www.alhambrait.com\/oneseq\/wp-json\/wp\/v2\/users\/1"}],"replies":[{"embeddable":true,"href":"https:\/\/www.alhambrait.com\/oneseq\/wp-json\/wp\/v2\/comments?post=126"}],"version-history":[{"count":42,"href":"https:\/\/www.alhambrait.com\/oneseq\/wp-json\/wp\/v2\/pages\/126\/revisions"}],"predecessor-version":[{"id":42439,"href":"https:\/\/www.alhambrait.com\/oneseq\/wp-json\/wp\/v2\/pages\/126\/revisions\/42439"}],"up":[{"embeddable":true,"href":"https:\/\/www.alhambrait.com\/oneseq\/wp-json\/wp\/v2\/pages\/5926"}],"wp:attachment":[{"href":"https:\/\/www.alhambrait.com\/oneseq\/wp-json\/wp\/v2\/media?parent=126"}],"curies":[{"name":"wp","href":"https:\/\/api.w.org\/{rel}","templated":true}]}}